{"id":517,"date":"2025-09-18T13:21:53","date_gmt":"2025-09-18T13:21:53","guid":{"rendered":"https:\/\/esteponabuggys.com\/?page_id=517"},"modified":"2025-09-18T13:59:03","modified_gmt":"2025-09-18T13:59:03","slug":"nosotros","status":"publish","type":"page","link":"https:\/\/esteponabuggys.com\/?page_id=517","title":{"rendered":"Nosotros"},"content":{"rendered":"\t\t<div data-elementor-type=\"wp-page\" data-elementor-id=\"517\" class=\"elementor elementor-517\" data-elementor-post-type=\"page\">\n\t\t\t\t<div class=\"elementor-element elementor-element-3910e697 e-con-full e-flex e-con e-parent\" data-id=\"3910e697\" data-element_type=\"container\" data-e-type=\"container\">\n\t\t<div class=\"elementor-element elementor-element-5275aa3e e-con-full e-flex e-con e-child\" data-id=\"5275aa3e\" data-element_type=\"container\" data-e-type=\"container\">\n\t\t\t\t<div class=\"elementor-element elementor-element-66055626 elementor-widget elementor-widget-heading\" data-id=\"66055626\" data-element_type=\"widget\" data-e-type=\"widget\" data-widget_type=\"heading.default\">\n\t\t\t\t\t<h1 class=\"elementor-heading-title elementor-size-default\">Sobre nosotros<\/h1>\t\t\t\t<\/div>\n\t\t\t\t<div class=\"elementor-element elementor-element-15884d55 elementor-widget elementor-widget-text-editor\" data-id=\"15884d55\" data-element_type=\"widget\" data-e-type=\"widget\" data-widget_type=\"text-editor.default\">\n\t\t\t\t\t\t\t\t\t<p>En Estepona Buggys &amp; Quads te ofrecemos lo mejor de la aventura en la Costa del Sol, con rutas guiadas y opci\u00f3n de alquiler libre para que vivas la experiencia a tu manera.<\/p><p>Nuestros recorridos atraviesan monta\u00f1as, r\u00edos, riachuelos, pantanos y tramos de lodo, adem\u00e1s de zonas de manantiales de agua cristalina, donde podr\u00e1s refrescarte o darte un chapuz\u00f3n. Algunas rutas incluyen tambi\u00e9n parada en la playa, perfecta para disfrutar del mar tras la aventura.<\/p><p>En puntos estrat\u00e9gicos de la sierra podr\u00e1s disfrutar de vistas panor\u00e1micas \u00fanicas: hacia M\u00e1laga y Marbella, o hacia el horizonte donde en d\u00edas despejados se distinguen Gibraltar y Marruecos.<\/p><p>Nuestro objetivo es que disfrutes una experiencia aut\u00e9ntica, divertida y diferente, guiada por un equipo cercano y apasionado por lo que hace<\/p>\t\t\t\t\t\t\t\t<\/div>\n\t\t\t\t<div class=\"elementor-element elementor-element-4bc2bbd elementor-mobile-align-center elementor-widget elementor-widget-button\" data-id=\"4bc2bbd\" data-element_type=\"widget\" data-e-type=\"widget\" data-widget_type=\"button.default\">\n\t\t\t\t\t\t\t\t\t\t<a class=\"elementor-button elementor-button-link elementor-size-sm\" href=\"https:\/\/api.whatsapp.com\/send\/?phone=34624576320&#038;text&#038;type=phone_number&#038;app_absent=0\">\n\t\t\t\t\t\t<span class=\"elementor-button-content-wrapper\">\n\t\t\t\t\t\t\t\t\t<span class=\"elementor-button-text\">Reserva Ahora<\/span>\n\t\t\t\t\t<\/span>\n\t\t\t\t\t<\/a>\n\t\t\t\t\t\t\t\t<\/div>\n\t\t\t\t<\/div>\n\t\t<div class=\"elementor-element elementor-element-7320aa0 e-con-full e-flex e-con e-child\" data-id=\"7320aa0\" data-element_type=\"container\" data-e-type=\"container\" data-settings=\"{&quot;background_background&quot;:&quot;classic&quot;}\">\n\t\t\t\t<div class=\"elementor-element elementor-element-4fca2e85 elementor-widget elementor-widget-image\" data-id=\"4fca2e85\" data-element_type=\"widget\" data-e-type=\"widget\" data-widget_type=\"image.default\">\n\t\t\t\t\t\t\t\t\t\t\t\t\t\t\t<img fetchpriority=\"high\" decoding=\"async\" width=\"1200\" height=\"900\" src=\"https:\/\/esteponabuggys.com\/wp-content\/uploads\/2025\/09\/WhatsApp-Image-2025-09-03-at-8.52.08-PM-1200x900.jpeg\" class=\"attachment-large size-large wp-image-522\" alt=\"\" srcset=\"https:\/\/esteponabuggys.com\/wp-content\/uploads\/2025\/09\/WhatsApp-Image-2025-09-03-at-8.52.08-PM-1200x900.jpeg 1200w, https:\/\/esteponabuggys.com\/wp-content\/uploads\/2025\/09\/WhatsApp-Image-2025-09-03-at-8.52.08-PM-500x375.jpeg 500w, https:\/\/esteponabuggys.com\/wp-content\/uploads\/2025\/09\/WhatsApp-Image-2025-09-03-at-8.52.08-PM-300x225.jpeg 300w, https:\/\/esteponabuggys.com\/wp-content\/uploads\/2025\/09\/WhatsApp-Image-2025-09-03-at-8.52.08-PM-768x576.jpeg 768w, https:\/\/esteponabuggys.com\/wp-content\/uploads\/2025\/09\/WhatsApp-Image-2025-09-03-at-8.52.08-PM-1536x1152.jpeg 1536w, https:\/\/esteponabuggys.com\/wp-content\/uploads\/2025\/09\/WhatsApp-Image-2025-09-03-at-8.52.08-PM-100x75.jpeg 100w, https:\/\/esteponabuggys.com\/wp-content\/uploads\/2025\/09\/WhatsApp-Image-2025-09-03-at-8.52.08-PM-480x360.jpeg 480w, https:\/\/esteponabuggys.com\/wp-content\/uploads\/2025\/09\/WhatsApp-Image-2025-09-03-at-8.52.08-PM-800x600.jpeg 800w, https:\/\/esteponabuggys.com\/wp-content\/uploads\/2025\/09\/WhatsApp-Image-2025-09-03-at-8.52.08-PM.jpeg 2000w\" sizes=\"(max-width:767px) 480px, (max-width:1200px) 100vw, 1200px\" \/>\t\t\t\t\t\t\t\t\t\t\t\t\t\t\t<\/div>\n\t\t\t\t<\/div>\n\t\t\t\t<\/div>\n\t\t\t\t<\/div>\n\t\t","protected":false},"excerpt":{"rendered":"<p>Sobre nosotros En Estepona Buggys &amp; Quads te ofrecemos lo mejor de la aventura en la Costa del Sol, con rutas guiadas y opci\u00f3n de alquiler<span class=\"excerpt-hellip\"> [\u2026]<\/span><\/p>\n","protected":false},"author":2,"featured_media":0,"parent":0,"menu_order":0,"comment_status":"closed","ping_status":"closed","template":"","meta":{"_joinchat":[],"footnotes":""},"class_list":["post-517","page","type-page","status-publish","hentry"],"_links":{"self":[{"href":"https:\/\/esteponabuggys.com\/index.php?rest_route=\/wp\/v2\/pages\/517","targetHints":{"allow":["GET"]}}],"collection":[{"href":"https:\/\/esteponabuggys.com\/index.php?rest_route=\/wp\/v2\/pages"}],"about":[{"href":"https:\/\/esteponabuggys.com\/index.php?rest_route=\/wp\/v2\/types\/page"}],"author":[{"embeddable":true,"href":"https:\/\/esteponabuggys.com\/index.php?rest_route=\/wp\/v2\/users\/2"}],"replies":[{"embeddable":true,"href":"https:\/\/esteponabuggys.com\/index.php?rest_route=%2Fwp%2Fv2%2Fcomments&post=517"}],"version-history":[{"count":13,"href":"https:\/\/esteponabuggys.com\/index.php?rest_route=\/wp\/v2\/pages\/517\/revisions"}],"predecessor-version":[{"id":538,"href":"https:\/\/esteponabuggys.com\/index.php?rest_route=\/wp\/v2\/pages\/517\/revisions\/538"}],"wp:attachment":[{"href":"https:\/\/esteponabuggys.com\/index.php?rest_route=%2Fwp%2Fv2%2Fmedia&parent=517"}],"curies":[{"name":"wp","href":"https:\/\/api.w.org\/{rel}","templated":true}]}}